 24?
1
Let t(j) = 8*j + 524. Calculate the remainder when t(-12) is divided by 24.
20
Let t(j) = -8*j**2 + 7 - 1 + 61*j**3 - 7*j - 60*j**3. Let f be t(9). Suppose 0 = r - 3*r + f. What is the remainder when 34 is divided by r?
10
Let l be 13 + -13 - ((-20)/2 - 0). Suppose l = -5*q, -2*z - 5*q + 122 = 2*z. Calculate the remainder when z is divided by 7.
5
Suppose 29*k = 169 + 1832. Calculate the remainder when 166 is divided by k.
28
Let i(d) be the third derivative of -d**6/120 + 2*d**5/15 + 5*d**4/12 + 5*d**3/3 + 10*d**2. What is the remainder when i(9) is divided by 5?
4
Let f(d) = 3*d - 17. Let a be f(9). Suppose a*w = 83 + 227. What is the remainder when 92 is divided by w?
30
Suppose 3*v - 7*v - 2*t = -14, v = 2*t + 6. What is the remainder when 138 is divided by v?
2
Let o(n) = -n**3 - 22*n**2 + 4*n + 119. Let q be o(-22). Let d be 0/((-2)/1) + -16. Let i = d + q. What is the remainder when 57 is divided by i?
12
What is the remainder when 4268/22 + 0 + -7 is divided by 19?
16
Let m = 26 + 23. Suppose 8 = -j + 21. What is the remainder when m is divided by j?
10
Suppose -7*f + 3*f = -2*f. Suppose f = 3*t - 5*t + 44. What is the remainder when 65 is divided by t?
21
Let u(f) = -f**2 - 9*f - 5. Suppose 0 = 5*t - t + 32. Let z be u(t). What is the remainder when (-5 + z)/((-4)/66) is divided by 9?
6
Let j = 334 + -281. What is the remainder when 97 is divided by j?
44
Let p be (-32)/(-6)*(0 - -3). Let z = -14 + p. Let i(d) = 5*d**3 - 3*d**2 + 3*d - 3. Calculate the remainder when i(z) is divided by 8.
7
Suppose 5*p + 3*l = -2*l + 160, -4*l + 162 = 5*p. Suppose 2*a = -a + 27. What is the remainder when p is divided by a?
7
Suppose h + 4*h = 0. Suppose z = h, -4*y + z = -4*z - 100. Calculate the remainder when 47 is divided by y.
22
Suppose 0 = -17*j + 137 + 5184. What is the remainder when j is divided by 63?
61
Let n(p) = -2*p**3 + 4*p**2 - 3*p - 5. Let z be n(4). Let w = -62 - z. What is the remainder when w is divided by 4?
3
Suppose -2*t = -3*g + 4*g + 81, 0 = g + 5*t + 69. Let d = g + 150. Calculate the remainder when d is divided by 16.
13
Let z be 657 - (-5 - (-10)/5). What is the remainder when 24/(-10)*z/(-8) is divided by 25?
23
Let r(c) = 8*c**2 + 5*c - 14. Let u(h) = -12*h**2 - 8*h + 21. Let a(q) = -7*r(q) - 5*u(q). What is the remainder when 36 is divided by a(2)?
17
Let w(k) = 3*k**2 + 87*k - 63. Calculate the remainder when 55 is divided by w(-30).
1
Let n = 12 - 9. Suppose 0 = -2*u + 3 + n. Let d = 4 + u. Calculate the remainder when d is divided by 2.
1
Suppose 238 = 2*p + 3*h, 2*p - 234 = -0*p - 2*h. What is the remainder when p is divided by 5/(-2)*(-152)/10?
37
Let u(b) = -1 - 5*b**2 - b + 4*b - 8 + b**2 + b**3. Calculate the remainder when u(6) is divided by 12.
9
Suppose 496*f + 100 = 500*f. Suppose 3*s + 4*m - 28 = s, 3*m - 16 = -s. What is the remainder when f is divided by s?
5
Let j = 2368 - 2124. What is the remainder when j is divided by 30?
4
Suppose 0 = 2*c + 5*b - 6 - 2, 3*c = 3*b + 54. Suppose 0 = -g + 2*t + 10, -3*g + 0*t + 21 = -3*t. Let f = g + 0. What is the remainder when c is divided by f?
2
Let d = 808 - 766. What is the remainder when 71 is divided by d?
29
Let g be (-26)/(-2) - (10 + -9). Let k = g + 4. What is the remainder when 77 is divided by k?
13
Let j(z) = 7*z**2 + 4*z + 3. Let o be j(-2). Let n = 25 - o. Suppose 0 = -2*k - n*k + 72. What is the remainder when k is divided by 10?
8
Let b = -8 - -7. Let w = b + 5. Suppose 5*u - 5*i = 20, 0*i + 13 = 4*u - 5*i. What is the remainder when u is divided by w?
3
Let u = 76 - 64. Let g = 62 + -20. Let i = g - 20. What is the remainder when i is divided by u?
10
Suppose u = -0*u + 23. Suppose 52 + 56 = 12*b. Let c = u - b. What is the remainder when 27 is divided by c?
13
Suppose -q + 16 = 56. Let o = -24 - q. Suppose -5*g + 3*d + 12 = -232, 150 = 3*g - 3*d. Calculate the remainder when g is divided by o.
15
Let x(g) = g**3 - 7*g**2 - 3*g - 18. What is the remainder when 1890 is divided by x(8)?
20
Let j = -947 + 970. What is the remainder when 292 is divided by j?
16
Suppose -10*w - 42 = 4*w. What is the remainder when 1 + (-81)/w + (-1 - 1) is divided by 7?
5
Suppose 139 = 8*w - 29. What is the remainder when w is divided by 6?
3
Let p = 905 + -867. Suppose -b + 70 = 4*b. Let c = -1 + b. What is the remainder when p is divided by c?
12
Let a(v) = -135*v - 265. What is the remainder when 3779 is divided by a(-3)?
139
Let m(d) = 3*d**3 + 3*d**2 + 5*d - 3. Let k be m(5). Suppose 1246 = 6*c + k. What is the remainder when c is divided by 26?
25
Suppose -5*x + 4*x = -1. What is the remainder when 18 is divided by ((1 - 0) + 4 + 3)*x?
2
Let f be -4*2*35/2. Let t = 203 + f. Calculate the remainder when t is divided by 17.
12
Suppose 75 = 4*l + 3*f, 8*l - 4*l + 2*f = 78. Calculate the remainder when 54 is divided by l.
12
Let g be 6/(-4)*-2 + -1. Suppose 2*n - 4*m - 187 + 3 = 0, -3*n + g*m = -272. Calculate the remainder when n is divided by 31.
28
Let r(g) = -3*g - 3. Let i(s) = 7*s + 6. Let u(z) = 4*i(z) + 9*r(z). Let c be u(3). Calculate the remainder when c + 53 + 2/(-1) is divided by 13.
12
Suppose 25*c = 99*c - 2960. Suppose 7 + 7 = u. Calculate the remainder when c is divided by u.
12
Let s = -105 + 109. What is the remainder when s is divided by (2/(-4))/(145/30 + -5)?
1
Let i = 2006 - 1937. Calculate the remainder when 821 is divided by i.
62
Let u(h) = 8*h**2 - 16*h + 26. Calculate the remainder when 73 is divided by u(2).
21
Suppose n + l - 29 = 44, 0 = 4*l - 20. Let c = 84 - n. Calculate the remainder when c is divided by 3.
1
Suppose -205*z = -199*z - 150. Calculate the remainder when 67 is divided by z.
17
Let a = 285 - 269. Let k(m) = -m**2 + 7*m - 1. Calculate the remainder when a is divided by k(5).
7
Suppose -6*o = -z - o + 1, z = -o + 31. Suppose 2*x - z = -3*v, 2*v + 103 = 3*x + 2*x. Calculate the remainder when x is divided by (-3 + 5)/4 + (-19)/(-2).
9
Let l = -40 + 45. Suppose -5*q = 5*x - 95, -3*x = -x + l*q - 26. What is the remainder when 91 is divided by x?
22
Suppose 76 = 2*w - 2*t, -2*w = -7*w - 2*t + 197. What is the remainder when w is divided by 8?
7
Suppose 7*i - 552 = -5*i. What is the remainder when 778 is divided by i?
42
Let l = -87 + 97. What is the remainder when 20 is divided by l?
0
Let h = 624 - 570. What is the remainder when 371 is divided by h?
47
Let p(z) = -3*z - 2. Suppose 0 = -3*g + h - 18, 0 = -3*g + h - 3*h - 9. What is the remainder when p(g) is divided by 4?
1
Let m(i) = -3*i - 13. Suppose d + 10 = -1. Let q be m(d). Calculate the remainder when 62 is divided by ((-30)/q)/(6/(-64)).
14
Let w(a) = a**2 + 27*a + 215. What is the remainder when 184 is divided by w(-22)?
79
Let s(g) = g**2 - g + 1. Let u(p) = -30*p**2 + 5*p + 2. Let o(h) = -2*s(h) - u(h). Calculate the remainder when 52 is divided by o(-1).
25
Let j(b) = 4*b + 1. Calculate the remainder when j(6) is divided by 2/(-22)*(-133 + 34).
7
Suppose -63 = -0*i + 3*i. Let p be 15/((-1)/i*3). Suppose 0 = -5*n - 0*n + p. What is the remainder when n is divided by 12?
9
Suppose -3*h - 43 = r, -4*h - 2*r = 9 + 45. Suppose -13*z + 2*m + 48 = -11*z, -3*m = 4*z - 82. Let s = h + z. What is the remainder when 21 is divided by s?
3
Let s = 51 + -30. Suppose v = 2*v + 4*l - 58, 0 = -4*v - 3*l + 258. Let n = v - 4. What is the remainder when n is divided by s?
20
Suppose -5*m = 4*v - 10, 5*m = 3*v + v + 10. Suppose 0 = q - v - 6. Let d = 0 - -3. Calculate the remainder when q is divided by d.
0
Let b(h) = -1. Let v be (-4)/(-6)*6/4. Let r(x) = -x**2 - 4*x + 7. Let g(l) = v*r(l) + 6*b(l). What is the remainder when 10 is divided by g(-3)?
2
Calculate the remainder when 30 is divided by (-56 - -41)/(-1*1).
0
Let x = -44 + 175. What is the remainder when x is divided by 12?
11
Calculate the remainder when 12/((-4)/(-46) - 2 - -2) is divided by 47.
44
Let p be ((-4)/(-6) - 0)*6. Suppose -p*w = -28 - 8. What is the remainder when 24 is divided by w?
6
Suppose 0 = -y + 5*w - 3, 2*y - w - 3*w = 0. Calculate the remainder when 61 is divided by (49/(-7))/(y/(-6)).
19
What is the remainder when 417 is divided by (231/55 + -5)*-5?
1
Let u = 0 + 4. Calculate the remainder when 816/85 + u/10 is divided by 3.
1
Suppose 4*l = -2*y - 4 + 102, y = 5*l - 126. Calculate the rema